be (-12)/(-8)*(-16)/(-12). Let x be ((-68)/6 + u)*36/(-48). Calculate m(x).
-17
Let b(y) = 2*y + 46. Suppose -2*t + 2*n - 40 = 0, 99*t - 100*t = 2*n + 14. Determine b(t).
10
Let o(h) be the first derivative of h**4/4 - h**3 - 3*h**2 + 2*h + 4. Let r = 45 + -53. Let k be r*(-1)/6*3. Determine o(k).
-6
Let k(l) = -21*l**2 + 20*l - 217. Let y(g) = -5*g**2 + 5*g - 51. Let c(j) = 4*k(j) - 17*y(j). Give c(8).
23
Let r(p) = -2*p**3 - 3*p**2 + 5*p - 4. Suppose 5*a - 8 = -h, 3*h = 321*a - 317*a - 33. Calculate r(a).
-70
Let q(z) = -91535*z - 2*z**2 + 1 + 29*z**3 + 91535*z. Suppose 0 = -2*j + 3*j - 1. Determine q(j).
28
Suppose -86*x - 112 = -224*x - 802. Let r(l) = 4*l**3 + 7*l**2 - 8*l - 6. Let c(u) = 7*u**3 + 13*u**2 - 15*u - 12. Let j(n) = -3*c(n) + 5*r(n). Give j(x).
6
Let c(s) be the second derivative of 2*s**3 + s**2 + 1989*s. What is c(-1)?
-10
Let k(q) = 7. Let x(g) = -2*g - 11. Let s(j) = -6*k(j) + x(j). Determine s(-24).
-5
Let x(i) = i**3 - 28*i**2 + 32*i - 62. Let o(n) = -2*n**2 + n - 4. Let l(a) = 7*o(a) - x(a). What is l(12)?
22
Let c(s) = -s**2 - 10*s - 7. Let d = 47 + -44. Let u(f) = -f - 1. Let t(a) = a**3 + 4*a**2 - a + 4. Let z(k) = d*u(k) - t(k). Let v be z(-3). Calculate c(v).
-7
Let z = -40 - -32. Let t = -4 - z. Let o(w) = 5 - t - 3 - 9 + w. Determine o(5).
-6
Let c(l) be the third derivative of l**7/840 + l**6/720 - 13*l**5/12 + 43*l**2. Let n(f) be the third derivative of c(f). Determine n(1).
7
Let y(m) = -5*m**2 - 17*m + 19. Let l be ((8442/(-70))/9 + 14)/((-6)/(-10)). Give y(l).
-3
Let k(t) = -t**2 + 5*t - 2. Let d(q) be the first derivative of q**3/3 + 10*q**2 + 6*q + 121. Let f be d(-20). What is k(f)?
-8
Let b(y) = -y**2 + 7*y - 8. Suppose 154 = 8*t + 8*t + 6*t. Give b(t).
-8
Suppose 4*f + f = -15. Let t = -4059 - -6359. Let q(y) = -y**2 - 2300*y + t*y. What is q(f)?
-9
Let c(z) be the second derivative of 1/3*z**4 + 0 + 1/2*z**2 + 8*z - 1/20*z**5 - 2/3*z**3. Give c(3).
-2
Let d(i) = i**3 + 11*i**2 + 12*i + 13. Let n be 0 + 4/((-4)/(-27)). Let f be (-267)/n - (182/(-63) - -3). What is d(f)?
-7
Let m(z) = 16 + 17835*z**2 + 38*z - 33 - 17829*z**2. Calculate m(-7).
11
Let u be 7/(-9) + (-2)/9. Let y(r) be the second derivative of -3*r**4/4 + r**2/2 - 55*r + 101. What is y(u)?
-8
Let p(n) = -5487*n**2 + 13 + 2748*n**2 + 2744*n**2 - 8*n - 41*n. Calculate p(10).
23
Suppose -o - 2*o + 356 = 311. Let i(w) = 4*w - 97. Determine i(o).
-37
Let f(b) be the first derivative of -b**4/3 - b**3/6 - 69*b - 91. Let o(y) be the first derivative of f(y). Determine o(1).
-5
Let b(v) = -3*v**2 - 5*v + 10. Let i be (-81)/(-3)*(-1)/(7 + -16). Determine b(i).
-32
Let u(n) = -n**2 + 3*n + 6. Let t(c) = 4*c - 12. Let s be t(5). Suppose 0 = -s*h - h + 54. What is u(h)?
-12
Let l(z) be the first derivative of -1/3*z**3 + 0*z - 197 - 2*z**2. Let o(a) = -a**3 - 6*a**2 - 3*a + 6. Let v be o(-5). Determine l(v).
0
Let w(p) = -6*p + 413*p**3 - 412*p**3 + p**2 + 5*p + 1. Calculate w(-3).
-14
Let i(t) be the third derivative of t**6/120 + 2*t**5/5 + 43*t**4/24 - 11*t**3/6 + t**2 + 9*t. Calculate i(-22).
11
Let w(y) = -y**3 + 13*y**2 + 14*y + 248. Let b be w(15). Let c(f) = -f**3 + 8*f**2. What is c(b)?
0
Let j be 4/18 - (-448)/9. Suppose -18*c - 187 - 518 = -3. Let l = j + c. Let b(a) = -a**3 + 11*a**2 + 2*a - 14. Give b(l).
8
Let p(c) = 82 + 40*c - 77*c - 4 + 43*c. Calculate p(-12).
6
Let h be 1/(-2) - 1/12*66. Let g(n) be the third derivative of 5*n**4/24 + 35*n**3/6 + 91*n**2. Calculate g(h).
5
Let y = 8872 + -8869. Let r(t) be the second derivative of 4*t + 0 + 7/2*t**2 - 1/2*t**y. What is r(5)?
-8
Let f(y) = -y**3 + 25*y**2 - 25*y + 37. Let l = 8500 + -8476. Calculate f(l).
13
Let a(o) = -5*o - 163. Let t(c) = 2*c + 70. Let v(p) = -6*a(p) - 14*t(p). Suppose -i + 2*d - 10 = -5, 19 = 5*i + d. Determine v(i).
4
Suppose 3 = 7*g - 11. Let z(u) be the third derivative of 5*u**4/12 - u**3/6 + 6*u**2 - 6*u. Calculate z(g).
19
Let a(p) = 142447*p - 927987. Let j(r) = -175*r + 1140. Let l(y) = -2*a(y) - 1629*j(y). Determine l(6).
0
Let g(p) = p**3 - 8*p**2 + 6*p + 13. Let x be 21/9*(3/(-8) - 27/(-8)). Calculate g(x).
6
Let r(q) = -2*q**2 - 2*q. Let v(o) = -o**2. Let u(h) = r(h) - 3*v(h). Suppose 0 = -18*z + 12 + 6. Let t be -5 + z + -6 + (-39)/(-3). Give u(t).
3
Let x = -5 - -3. Let o(q) be the third derivative of q**4/12 + q**3/6 + 16842*q**2. Determine o(x).
-3
Let v(w) = -w**3 - 4*w**2 - 2*w. Let a(c) = 3*c**2 - 2*c - 2. Let k be a(-2). Let t = k - 53. Let u = t + 36. What is v(u)?
-3
Let q(u) = -u**3 - 6*u**2 + 16*u + 11. Let j(k) = 2*k**2 - 24*k - 177. Let f be j(17). What is q(f)?
-52
Suppose 3*l + 9 = 0, 5*y + 7 = -2*l + 21. Let w(x) be the third derivative of -1/12*x**4 + 2 + x**2 - 5/6*x**3 + 0*x + 1/60*x**5. Calculate w(y).
3
Let b be -1*(-2)/3*5175/(-690). Let z(j) = 0 - 5 + 1 + 0 - j. Determine z(b).
1
Let n(s) be the third derivative of -s - 182*s**2 - 1/20*s**5 + 1/120*s**6 + 0 - s**3 + 1/6*s**4. Give n(3).
6
Let l be (-2)/8 + 872/96*3. Suppose 8 + 46 = l*z. Let g(h) = h**2 - 2*h - 4. Give g(z).
-4
Let r = 1 - 2. Let u(z) = 10*z**2 + 24*z - 11. Let g(c) = 7*c**2 + 15*c - 7. Let f(i) = -8*g(i) + 5*u(i). Determine f(r).
-5
Suppose -12*s + 1749 = -1431. Let j = s + -268. Let y(v) = -v**2 + 1. Give y(j).
-8
Let r(t) = 2*t**2 - 13*t - 62. Let p be r(10). Suppose p*w + 8 - 32 = 0. Let u(b) be the third derivative of -b**5/30 + b**4/12 - b**3/2 - b**2. Calculate u(w).
-15
Let a(r) = 8*r**2 + 6*r - 6. Let d(n) = -7*n**2 - 7*n + 8. Let y(z) = -6*a(z) - 7*d(z). Determine y(-15).
10
Suppose 0 = p - 9*p - 664. Let o = 82 - p. Let i(q) = -2*q**3 + q**3 + 1 + o*q**2 - 167*q**2 + q. What is i(-3)?
7
Let z(t) = 122*t + 34034. Let a be z(-279). Let m(h) = -3 + 4 - 6*h + h - h**2. Calculate m(a).
5
Let p(x) = -x**2 - 28*x - 61. Suppose 8635 - 6479 = -98*s. Give p(s).
71
Let z(x) = -x**3 - 8*x**2 + 9*x - 3. Suppose 833 = -78*f + 85*f. Let b = 128 - f. Let l be (b*(-2)/(-8))/(3/(-12)). Calculate z(l).
-3
Suppose 4*t - 143 = -51. Let x be 28 - t - (-3)/(-1). Let m(h) = 0*h**2 + 4 - 2*h**3 - 3*h**x - 2*h**2 + h**3 + 9*h. Calculate m(-6).
-14
Let w = -149 + 150. Let c(x) = -2*x**2 - x - 1. Let o(m) = m**2 - 8*m + 6. Let f(k) = w*o(k) + c(k). Let p be 6*(18/4)/(-3). Determine f(p).
5
Let q(t) = t**3 - 12*t**2 + 10*t - 7. Let f(l) = l**3 - 6*l**2 - 42*l - 132. Let w be f(11). Determine q(w).
-18
Let u(t) = 4*t + 1. Let w(n) = -68*n + 144. Let h(g) = 5*u(g) + w(g). Let o be h(3). Let p(f) = -f**3 + 6*f**2 - 3*f - 3. Give p(o).
7
Let m(h) = 5*h + 6. Let j(b) = 14*b + 19. Let n(i) = -4*j(i) + 11*m(i). Let u = 68 + -57. Suppose -r = u - 1. Determine n(r).
0
Suppose 1206*b + 13 + 86 = 1195*b. Let i(j) = -5*j**2 + j + 5. Let n(f) = -9*f**2 + 3*f + 9. Let a(l) = -11*i(l) + 6*n(l). What is a(b)?
17
Let w be (-2 - 0) + -33 + (2 - -3). Let c = w + 32. Suppose 29 - 21 = c*h. Let y(i) = -i**3 + 3*i**2 + 3*i + 1. Give y(h).
-3
Let i(u) = -u**2 + 1396 - 12*u + 1463 - 2889. Give i(-8).
2
Let z(j) = 3*j + 5. Let h(p) = -13*p - 27. Let g(m) = 2*h(m) + 11*z(m). Suppose -50*f + 33 = -17. Give g(f).
8
Let c(n) = 14 - 14 + 17*n - 27*n. Give c(5).
-50
Let b = 180 - 180. Let z(q) = 3*q + b + 4 - 5 + 3. What is z(-6)?
-16
Suppose 2*h + 9 = -3*j, 18*j - 49 = -8*h + 23*j. Let k(l) = 9*l - 6. Determine k(h).
21
Let v(i) = 7*i + 146. Let s be ((-42)/(-8))/(3/(-12)). Let c be v(s). Let m(a) = 21*a**2 + a. Calculate m(c).
20
Let m(h) = h + 2. Suppose 944 + 24 = 8*w. Let l = w + -125. Give m(l).
-2
Let y = 306 + -296. Let g(c) = -3*c**2 + 31*c. Let b be g(y). Let n(r) = r - 12. What is n(b)?
-2
Let p(f) = -16*f - 48. Let j(o) = -9*o - 24. Let n(z) = -5*j(z) + 3*p(z). Suppose 0 = -6*r - 31 - 11. Calculate n(r).
-3
Let h(g) = g**3 + 24*g**2 - g - 33. Let t be (261/27 + -9)*((-36)/1 + 0). Give h(t).
-9
Let a(b) = -b - 1. Let c = -489 + 490. Let l(p) = -6*p - 1. Let u(g) = c*l(g) - 5*a(g). What is u(-6)?
10
Let f be -4 - ((-5 - 4) + 2). Let v be (13/((-117)/30))/((-2)/f). Let j(n) = -n**2 + 3*n + 1. Give j(v).
-9
Let s(z) = -z + z + 33*z - z**3 + 33*z**2 - 61*z**2 + 115 - 7. Give s(-29).
-8
Let l(s) be the first derivative of 2*s**3/3 + 11*s**2 + 13*s + 1255. Give l(-15).
133
Let k(q) = 2*q**3 - 12*q**2 + 4*q - 24. Suppose -2*o - 3*d = 2 - 8, -2*d - 58 = -9*o. Give k(o).
0
Let r(n) = 16*n**2 + 32*n - 5